{"id":5649,"date":"2023-03-27T08:33:47","date_gmt":"2023-03-27T06:33:47","guid":{"rendered":"https:\/\/www.jphres.org\/?p=5649"},"modified":"2023-04-06T10:35:01","modified_gmt":"2023-04-06T08:35:01","slug":"vol-1-no-1-2012-2","status":"publish","type":"page","link":"https:\/\/www.jphres.us.com\/index.php\/jphres\/issue\/view\/1\/","title":{"rendered":"Vol 1, No 1 (2012)"},"content":{"rendered":"<h3>Table of Contents<\/h3>\n<div class=\"tocSectionTitle\">Editorials<\/div>\n<div id=\"table_issue\">\n<table class=\"tocArticle\">\n<tbody>\n<tr valign=\"top\">\n<td class=\"tocArticleCoverImage showCoverImage\">\n<div class=\"tocCoverImage\"><\/div>\n<\/td>\n<td class=\"tocArticleTitleAuthors showCoverImage\">\n<div class=\"tocTitle\">Why a new journal in Public Health?<\/div>\n<div class=\"tocAuthors\">Umberto Gelatti<\/div>\n<div id=\"doi_issue\"><b>DOI:<\/b>\u00a0<a href=\"https:\/\/doi.org\/10.4081\/jphr.2012.e1\" target=\"_blank\" rel=\"noopener\">10.4081\/jphr.2012.e1<\/a><\/div>\n<div id=\"stats_issue\"><b>Abstract views:<\/b>\u00a0800 |\u00a0<b>PDF:<\/b>\u00a0145 |\u00a0<b>HTML:<\/b>\u00a0120<\/div>\n<\/td>\n<td class=\"tocArticleGalleysPages showCoverImage\">\n<div class=\"tocGalleys\">\n<div class=\"galley_issue\">PDF<\/div>\n<div class=\"galley_issue\">HTML<\/div>\n<\/div>\n<\/td>\n<td>\n<div class=\"tocPages\">e1<\/div>\n<\/td>\n<\/tr>\n<\/tbody>\n<\/table>\n<\/div>\n<div class=\"separator\"><\/div>\n<div class=\"tocSectionTitle\">Perspectives and Debates<\/div>\n<div id=\"table_issue\">\n<table class=\"tocArticle\">\n<tbody>\n<tr valign=\"top\">\n<td class=\"tocArticleCoverImage showCoverImage\">\n<div class=\"tocCoverImage\"><\/div>\n<\/td>\n<td class=\"tocArticleTitleAuthors showCoverImage\">\n<div class=\"tocTitle\">Public health and economics: a marriage of necessity<\/div>\n<div class=\"tocAuthors\">Alan Maynard<\/div>\n<div id=\"doi_issue\"><b>DOI:<\/b>\u00a0<a href=\"https:\/\/doi.org\/10.4081\/jphr.2012.e4\" target=\"_blank\" rel=\"noopener\">10.4081\/jphr.2012.e4<\/a><\/div>\n<div id=\"stats_issue\"><b>Abstract views:<\/b>\u00a0857 |\u00a0<b>PDF:<\/b>\u00a0784 |\u00a0<b>HTML:<\/b>\u00a0404<\/div>\n<\/td>\n<td class=\"tocArticleGalleysPages showCoverImage\">\n<div class=\"tocGalleys\">\n<div class=\"galley_issue\">PDF<\/div>\n<div class=\"galley_issue\">HTML<\/div>\n<\/div>\n<\/td>\n<td>\n<div class=\"tocPages\">e4<\/div>\n<\/td>\n<\/tr>\n<\/tbody>\n<\/table>\n<table class=\"tocArticle\">\n<tbody>\n<tr valign=\"top\">\n<td class=\"tocArticleCoverImage showCoverImage\">\n<div class=\"tocCoverImage\"><\/div>\n<\/td>\n<td class=\"tocArticleTitleAuthors showCoverImage\">\n<div class=\"tocTitle\">Historical public health in central Europe with special reference to Hungary. Long-term environmental effects of a historical cataclysm<\/div>\n<div class=\"tocAuthors\">Csaba Varga, Istv\u00e1n Ember, Edit Mur\u00e1nyi, Istv\u00e1n Kiss<\/div>\n<div id=\"doi_issue\"><b>DOI:<\/b>\u00a0<a href=\"https:\/\/doi.org\/10.4081\/jphr.2012.e9\" target=\"_blank\" rel=\"noopener\">10.4081\/jphr.2012.e9<\/a><\/div>\n<div id=\"stats_issue\"><b>Abstract views:<\/b>\u00a05649 |\u00a0<b>PDF:<\/b>\u00a0203 |\u00a0<b>HTML:<\/b>\u00a01415<\/div>\n<\/td>\n<td class=\"tocArticleGalleysPages showCoverImage\">\n<div class=\"tocGalleys\">\n<div class=\"galley_issue\">PDF<\/div>\n<div class=\"galley_issue\">HTML<\/div>\n<\/div>\n<\/td>\n<td>\n<div class=\"tocPages\">e9<\/div>\n<\/td>\n<\/tr>\n<\/tbody>\n<\/table>\n<\/div>\n<div class=\"separator\"><\/div>\n<div class=\"tocSectionTitle\">Original Articles<\/div>\n<div id=\"table_issue\">\n<table class=\"tocArticle\">\n<tbody>\n<tr valign=\"top\">\n<td class=\"tocArticleCoverImage showCoverImage\">\n<div class=\"tocCoverImage\"><\/div>\n<\/td>\n<td class=\"tocArticleTitleAuthors showCoverImage\">\n<div class=\"tocTitle\">Exploring the responsiveness of public and private hospitals in Lagos, Nigeria<\/div>\n<div class=\"tocAuthors\">Tomilola Adesanya, Olayinka Gbolahan, Obadah Ghannam, Marisa Miraldo, Bhavesh Patel, Rishi Verma Rishi Verma, Heather Wong<\/div>\n<div id=\"doi_issue\"><b>DOI:<\/b>\u00a0<a href=\"https:\/\/doi.org\/10.4081\/jphr.2012.e2\" target=\"_blank\" rel=\"noopener\">10.4081\/jphr.2012.e2<\/a><\/div>\n<div id=\"stats_issue\"><b>Abstract views:<\/b>\u00a05967 |\u00a0<b>PDF:<\/b>\u00a0580 |\u00a0<b>Appendix:<\/b>\u00a0157 |\u00a0<b>HTML:<\/b>\u00a0812<\/div>\n<\/td>\n<td class=\"tocArticleGalleysPages showCoverImage\">\n<div class=\"tocGalleys\">\n<div class=\"galley_issue\">PDF<\/div>\n<div class=\"galley_issue\">APPENDIX<\/div>\n<div class=\"galley_issue\">HTML<\/div>\n<\/div>\n<\/td>\n<td>\n<div class=\"tocPages\">e2<\/div>\n<\/td>\n<\/tr>\n<\/tbody>\n<\/table>\n<table class=\"tocArticle\">\n<tbody>\n<tr valign=\"top\">\n<td class=\"tocArticleCoverImage showCoverImage\">\n<div class=\"tocCoverImage\"><\/div>\n<\/td>\n<td class=\"tocArticleTitleAuthors showCoverImage\">\n<div class=\"tocTitle\">Misuse of prescription and illicit drugs among high-risk young adults in Los Angeles and New York<\/div>\n<div class=\"tocAuthors\">Stephen E. Lankenau, Sheree M. Schrager, Karol Silva, Alex Kecojevic, Jennifer Jackson Bloom, Carolyn Wong, Ellen Iverson<\/div>\n<div id=\"doi_issue\"><b>DOI:<\/b>\u00a0<a href=\"https:\/\/doi.org\/10.4081\/jphr.2012.e6\" target=\"_blank\" rel=\"noopener\">10.4081\/jphr.2012.e6<\/a><\/div>\n<div id=\"stats_issue\"><b>Abstract views:<\/b>\u00a015126 |\u00a0<b>PDF:<\/b>\u00a01912 |\u00a0<b>HTML:<\/b>\u00a01114<\/div>\n<\/td>\n<td class=\"tocArticleGalleysPages showCoverImage\">\n<div class=\"tocGalleys\">\n<div class=\"galley_issue\">PDF<\/div>\n<div class=\"galley_issue\">HTML<\/div>\n<\/div>\n<\/td>\n<td>\n<div class=\"tocPages\">e6<\/div>\n<\/td>\n<\/tr>\n<\/tbody>\n<\/table>\n<table class=\"tocArticle\">\n<tbody>\n<tr valign=\"top\">\n<td class=\"tocArticleCoverImage showCoverImage\">\n<div class=\"tocCoverImage\"><\/div>\n<\/td>\n<td class=\"tocArticleTitleAuthors showCoverImage\">\n<div class=\"tocTitle\">Ground and surface water for drinking: a laboratory study on genotoxicity using plant tests<\/div>\n<div class=\"tocAuthors\">Donatella Feretti, Elisabetta Ceretti, Bianca Gustavino, Ilaria Zerbini, Claudia Zani, Silvano Monarca, Marco Rizzoni<\/div>\n<div id=\"doi_issue\"><b>DOI:<\/b>\u00a0<a href=\"https:\/\/doi.org\/10.4081\/jphr.2012.e7\" target=\"_blank\" rel=\"noopener\">10.4081\/jphr.2012.e7<\/a><\/div>\n<div id=\"stats_issue\"><b>Abstract views:<\/b>\u00a02937 |\u00a0<b>PDF:<\/b>\u00a0434 |\u00a0<b>HTML:<\/b>\u00a0355<\/div>\n<\/td>\n<td class=\"tocArticleGalleysPages showCoverImage\">\n<div class=\"tocGalleys\">\n<div class=\"galley_issue\">PDF<\/div>\n<div class=\"galley_issue\">HTML<\/div>\n<\/div>\n<\/td>\n<td>\n<div class=\"tocPages\">e7<\/div>\n<\/td>\n<\/tr>\n<\/tbody>\n<\/table>\n<table class=\"tocArticle\">\n<tbody>\n<tr valign=\"top\">\n<td class=\"tocArticleCoverImage showCoverImage\">\n<div class=\"tocCoverImage\"><\/div>\n<\/td>\n<td class=\"tocArticleTitleAuthors showCoverImage\">\n<div class=\"tocTitle\">Modernity in medicine and hygiene at the end of the 19th century: the example of cremation<\/div>\n<div class=\"tocAuthors\">Alessandro Porro, Bruno Falconi, Carlo Cristini, Lorenzo Lorusso, Antonia F. Franchini<\/div>\n<div id=\"doi_issue\"><b>DOI:<\/b>\u00a0<a href=\"https:\/\/doi.org\/10.4081\/jphr.2012.e10\" target=\"_blank\" rel=\"noopener\">10.4081\/jphr.2012.e10<\/a><\/div>\n<div id=\"stats_issue\"><b>Abstract views:<\/b>\u00a03076 |\u00a0<b>PDF:<\/b>\u00a01282 |\u00a0<b>HTML:<\/b>\u00a01243<\/div>\n<\/td>\n<td class=\"tocArticleGalleysPages showCoverImage\">\n<div class=\"tocGalleys\">\n<div class=\"galley_issue\">PDF<\/div>\n<div class=\"galley_issue\">HTML<\/div>\n<\/div>\n<\/td>\n<td>\n<div class=\"tocPages\">e10<\/div>\n<\/td>\n<\/tr>\n<\/tbody>\n<\/table>\n<table class=\"tocArticle\">\n<tbody>\n<tr valign=\"top\">\n<td class=\"tocArticleCoverImage showCoverImage\">\n<div class=\"tocCoverImage\"><\/div>\n<\/td>\n<td class=\"tocArticleTitleAuthors showCoverImage\">\n<div class=\"tocTitle\">Interpersonal influence among public health leaders in the United States Department of Health and Human Services<\/div>\n<div class=\"tocAuthors\">Jenine K. Harris, Bobbi J. Carothers, Lana M. Wald, Sarah C. Shelton, Scott J. Leischow<\/div>\n<div id=\"doi_issue\"><b>DOI:<\/b>\u00a0<a href=\"https:\/\/doi.org\/10.4081\/jphr.2012.e12\" target=\"_blank\" rel=\"noopener\">10.4081\/jphr.2012.e12<\/a><\/div>\n<div id=\"stats_issue\"><b>Abstract views:<\/b>\u00a05225 |\u00a0<b>PDF:<\/b>\u00a0355 |\u00a0<b>HTML:<\/b>\u00a0520<\/div>\n<\/td>\n<td class=\"tocArticleGalleysPages showCoverImage\">\n<div class=\"tocGalleys\">\n<div class=\"galley_issue\">PDF<\/div>\n<div class=\"galley_issue\">HTML<\/div>\n<\/div>\n<\/td>\n<td>\n<div class=\"tocPages\">e12<\/div>\n<\/td>\n<\/tr>\n<\/tbody>\n<\/table>\n<table class=\"tocArticle\">\n<tbody>\n<tr valign=\"top\">\n<td class=\"tocArticleCoverImage showCoverImage\">\n<div class=\"tocCoverImage\"><\/div>\n<\/td>\n<td class=\"tocArticleTitleAuthors showCoverImage\">\n<div class=\"tocTitle\">The role of parents and related factors on adolescent computer use<\/div>\n<div class=\"tocAuthors\">Jennifer A. Epstein<\/div>\n<div id=\"doi_issue\"><b>DOI:<\/b>\u00a0<a href=\"https:\/\/doi.org\/10.4081\/jphr.2012.e13\" target=\"_blank\" rel=\"noopener\">10.4081\/jphr.2012.e13<\/a><\/div>\n<div id=\"stats_issue\"><b>Abstract views:<\/b>\u00a01643 |\u00a0<b>PDF:<\/b>\u00a0373 |\u00a0<b>HTML:<\/b>\u00a0242<\/div>\n<\/td>\n<td class=\"tocArticleGalleysPages showCoverImage\">\n<div class=\"tocGalleys\">\n<div class=\"galley_issue\">PDF<\/div>\n<div class=\"galley_issue\">HTML<\/div>\n<\/div>\n<\/td>\n<td>\n<div class=\"tocPages\">e13<\/div>\n<\/td>\n<\/tr>\n<\/tbody>\n<\/table>\n<table class=\"tocArticle\">\n<tbody>\n<tr valign=\"top\">\n<td class=\"tocArticleCoverImage showCoverImage\">\n<div class=\"tocCoverImage\"><\/div>\n<\/td>\n<td class=\"tocArticleTitleAuthors showCoverImage\">\n<div class=\"tocTitle\">Binge drinking and psychoactive drug use in a cohort of European youths<\/div>\n<div class=\"tocAuthors\">Roberta Siliquini, Alessandra Colombo, Paola Berchialla, Fabrizio Bert, TEN-D Group<\/div>\n<div id=\"doi_issue\"><b>DOI:<\/b>\u00a0<a href=\"https:\/\/doi.org\/10.4081\/jphr.2012.e15\" target=\"_blank\" rel=\"noopener\">10.4081\/jphr.2012.e15<\/a><\/div>\n<div id=\"stats_issue\"><b>Abstract views:<\/b>\u00a03829 |\u00a0<b>PDF:<\/b>\u00a0394 |\u00a0<b>HTML:<\/b>\u00a0542<\/div>\n<\/td>\n<td class=\"tocArticleGalleysPages showCoverImage\">\n<div class=\"tocGalleys\">\n<div class=\"galley_issue\">PDF<\/div>\n<div class=\"galley_issue\">HTML<\/div>\n<\/div>\n<\/td>\n<td>\n<div class=\"tocPages\">e15<\/div>\n<\/td>\n<\/tr>\n<\/tbody>\n<\/table>\n<\/div>\n<div class=\"separator\"><\/div>\n<div class=\"tocSectionTitle\">Systematic Reviews and Meta-Analysis<\/div>\n<div id=\"table_issue\">\n<table class=\"tocArticle\">\n<tbody>\n<tr valign=\"top\">\n<td class=\"tocArticleCoverImage showCoverImage\">\n<div class=\"tocCoverImage\"><\/div>\n<\/td>\n<td class=\"tocArticleTitleAuthors showCoverImage\">\n<div class=\"tocTitle\">Label, nudge or tax? A review of health policies for risky behaviours<\/div>\n<div class=\"tocAuthors\">Matteo M. Galizzi<\/div>\n<div id=\"doi_issue\"><b>DOI:<\/b>\u00a0<a href=\"https:\/\/doi.org\/10.4081\/jphr.2012.e5\" target=\"_blank\" rel=\"noopener\">10.4081\/jphr.2012.e5<\/a><\/div>\n<div id=\"stats_issue\"><b>Abstract views:<\/b>\u00a02439 |\u00a0<b>PDF:<\/b>\u00a0651 |\u00a0<b>HTML:<\/b>\u00a0714<\/div>\n<\/td>\n<td class=\"tocArticleGalleysPages showCoverImage\">\n<div class=\"tocGalleys\">\n<div class=\"galley_issue\">PDF<\/div>\n<div class=\"galley_issue\">HTML<\/div>\n<\/div>\n<\/td>\n<td>\n<div class=\"tocPages\">e5<\/div>\n<\/td>\n<\/tr>\n<\/tbody>\n<\/table>\n<table class=\"tocArticle\">\n<tbody>\n<tr valign=\"top\">\n<td class=\"tocArticleCoverImage showCoverImage\">\n<div class=\"tocCoverImage\"><\/div>\n<\/td>\n<td class=\"tocArticleTitleAuthors showCoverImage\">\n<div class=\"tocTitle\">Analysis of existing international policy evidence in public health genomics: mapping exercise<\/div>\n<div class=\"tocAuthors\">Elena V. Syurina, Tobias Schulte in den B\u00e4umen, Frans J.M. Feron, Angela Brand<\/div>\n<div id=\"doi_issue\"><b>DOI:<\/b>\u00a0<a href=\"https:\/\/doi.org\/10.4081\/jphr.2012.e8\" target=\"_blank\" rel=\"noopener\">10.4081\/jphr.2012.e8<\/a><\/div>\n<div id=\"stats_issue\"><b>Abstract views:<\/b>\u00a015104 |\u00a0<b>PDF:<\/b>\u00a0444 |\u00a0<b>HTML:<\/b>\u00a0603<\/div>\n<\/td>\n<td class=\"tocArticleGalleysPages showCoverImage\">\n<div class=\"tocGalleys\">\n<div class=\"galley_issue\">PDF<\/div>\n<div class=\"galley_issue\">HTML<\/div>\n<\/div>\n<\/td>\n<td>\n<div class=\"tocPages\">e8<\/div>\n<\/td>\n<\/tr>\n<\/tbody>\n<\/table>\n<table class=\"tocArticle\">\n<tbody>\n<tr valign=\"top\">\n<td class=\"tocArticleCoverImage showCoverImage\">\n<div class=\"tocCoverImage\"><\/div>\n<\/td>\n<td class=\"tocArticleTitleAuthors showCoverImage\">\n<div class=\"tocTitle\">Novel risk factors of cardiovascular disease and their associations between obesity, physical activity and physical fitness<\/div>\n<div class=\"tocAuthors\">Duncan S. Buchan, Non E. Thomas, Julien S. Baker<\/div>\n<div id=\"doi_issue\"><b>DOI:<\/b>\u00a0<a href=\"https:\/\/doi.org\/10.4081\/jphr.2012.e11\" target=\"_blank\" rel=\"noopener\">10.4081\/jphr.2012.e11<\/a><\/div>\n<div id=\"stats_issue\"><b>Abstract views:<\/b>\u00a02278 |\u00a0<b>PDF:<\/b>\u00a0440 |\u00a0<b>HTML:<\/b>\u00a0449<\/div>\n<\/td>\n<td class=\"tocArticleGalleysPages showCoverImage\">\n<div class=\"tocGalleys\">\n<div class=\"galley_issue\">PDF<\/div>\n<div class=\"galley_issue\">HTML<\/div>\n<\/div>\n<\/td>\n<td>\n<div class=\"tocPages\">e11<\/div>\n<\/td>\n<\/tr>\n<\/tbody>\n<\/table>\n<\/div>\n<div class=\"separator\"><\/div>\n<div class=\"tocSectionTitle\">Brief Reports<\/div>\n<div id=\"table_issue\">\n<table class=\"tocArticle\">\n<tbody>\n<tr valign=\"top\">\n<td class=\"tocArticleCoverImage showCoverImage\">\n<div class=\"tocCoverImage\"><\/div>\n<\/td>\n<td class=\"tocArticleTitleAuthors showCoverImage\">\n<div class=\"tocTitle\">Misuse (and abuse?) of the concept of empowerment: the case of online offer of predictive direct-to-consumer genetic tests<\/div>\n<div class=\"tocAuthors\">Loredana Covolo, Sara Rubinelli, Grazia Orizio, Umberto Gelatti<\/div>\n<div id=\"doi_issue\"><b>DOI:<\/b>\u00a0<a href=\"https:\/\/doi.org\/10.4081\/jphr.2012.e3\" target=\"_blank\" rel=\"noopener\">10.4081\/jphr.2012.e3<\/a><\/div>\n<div id=\"stats_issue\"><b>Abstract views:<\/b>\u00a01315 |\u00a0<b>PDF:<\/b>\u00a0153 |\u00a0<b>Appendix:<\/b>\u00a0238 |\u00a0<b>HTML:<\/b>\u00a0288<\/div>\n<\/td>\n<td class=\"tocArticleGalleysPages showCoverImage\">\n<div class=\"tocGalleys\">\n<div class=\"galley_issue\">PDF<\/div>\n<div class=\"galley_issue\">APPENDIX<\/div>\n<div class=\"galley_issue\">HTML<\/div>\n<\/div>\n<\/td>\n<td>\n<div class=\"tocPages\">e3<\/div>\n<\/td>\n<\/tr>\n<\/tbody>\n<\/table>\n<table class=\"tocArticle\">\n<tbody>\n<tr valign=\"top\">\n<td class=\"tocArticleCoverImage showCoverImage\">\n<div class=\"tocCoverImage\"><\/div>\n<\/td>\n<td class=\"tocArticleTitleAuthors showCoverImage\">\n<div class=\"tocTitle\">Socio-demographic risk factors associated with HIV infection in patients seeking medical advice in a rural hospital of India<\/div>\n<div class=\"tocAuthors\">Gerardo Alvarez-Uria, Manoranjan Midde, Praveen K. Naik<\/div>\n<div id=\"doi_issue\"><b>DOI:<\/b>\u00a0<a href=\"https:\/\/doi.org\/10.4081\/jphr.2012.e14\" target=\"_blank\" rel=\"noopener\">10.4081\/jphr.2012.e14<\/a><\/div>\n<div id=\"stats_issue\"><b>Abstract views:<\/b>\u00a02440 |\u00a0<b>PDF:<\/b>\u00a0378 |\u00a0<b>HTML:<\/b>\u00a0214<\/div>\n<\/td>\n<td class=\"tocArticleGalleysPages showCoverImage\">\n<div class=\"tocGalleys\">\n<div class=\"galley_issue\">PDF<\/div>\n<div class=\"galley_issue\">HTML<\/div>\n<\/div>\n<\/td>\n<td>\n<div class=\"tocPages\">e14<\/div>\n<\/td>\n<\/tr>\n<\/tbody>\n<\/table>\n<\/div>\n","protected":false},"excerpt":{"rendered":"<p>Table of Contents Editorials Why a new journal in Public Health? Umberto Gelatti DOI:\u00a010.4081\/jphr.2012.e1 Abstract views:\u00a0800 |\u00a0PDF:\u00a0145 |\u00a0HTML:\u00a0120 PDF HTML e1 Perspectives and Debates Public health and economics: a marriage of necessity Alan Maynard DOI:\u00a010.4081\/jphr.2012.e4 Abstract views:\u00a0857 |\u00a0PDF:\u00a0784 |\u00a0HTML:\u00a0404 PDF HTML e4 Historical public health in central Europe with special reference to Hungary. Long-term environmental &#8230; <a title=\"Vol 1, No 1 (2012)\" class=\"read-more\" href=\"https:\/\/www.jphres.us.com\/index.php\/jphres\/issue\/view\/1\/\" aria-label=\"More on Vol 1, No 1 (2012)\">Read more<\/a><\/p>\n","protected":false},"author":3,"featured_media":0,"parent":0,"menu_order":0,"comment_status":"open","ping_status":"open","template":"","meta":{"footnotes":""},"class_list":["post-5649","page","type-page","status-publish"],"yoast_head":"<!-- This site is optimized with the Yoast SEO plugin v27.2 - https:\/\/yoast.com\/product\/yoast-seo-wordpress\/ -->\n<title>Vol 1, No 1 (2012) - Journal of Public Health Research<\/title>\n<meta name=\"robots\" content=\"index, follow, max-snippet:-1, max-image-preview:large, max-video-preview:-1\" \/>\n<link rel=\"canonical\" href=\"https:\/\/www.jphres.us.com\/index.php\/jphres\/issue\/view\/1\/\" \/>\n<meta property=\"og:locale\" content=\"en_US\" \/>\n<meta property=\"og:type\" content=\"article\" \/>\n<meta property=\"og:title\" content=\"Vol 1, No 1 (2012) - Journal of Public Health Research\" \/>\n<meta property=\"og:description\" content=\"Table of Contents Editorials Why a new journal in Public Health? Umberto Gelatti DOI:\u00a010.4081\/jphr.2012.e1 Abstract views:\u00a0800 |\u00a0PDF:\u00a0145 |\u00a0HTML:\u00a0120 PDF HTML e1 Perspectives and Debates Public health and economics: a marriage of necessity Alan Maynard DOI:\u00a010.4081\/jphr.2012.e4 Abstract views:\u00a0857 |\u00a0PDF:\u00a0784 |\u00a0HTML:\u00a0404 PDF HTML e4 Historical public health in central Europe with special reference to Hungary. Long-term environmental ... Read more\" \/>\n<meta property=\"og:url\" content=\"https:\/\/www.jphres.us.com\/index.php\/jphres\/issue\/view\/1\/\" \/>\n<meta property=\"og:site_name\" content=\"Journal of Public Health Research\" \/>\n<meta property=\"article:modified_time\" content=\"2023-04-06T08:35:01+00:00\" \/>\n<meta name=\"twitter:card\" content=\"summary_large_image\" \/>\n<meta name=\"twitter:label1\" content=\"Est. reading time\" \/>\n\t<meta name=\"twitter:data1\" content=\"3 minutes\" \/>\n<script type=\"application\/ld+json\" class=\"yoast-schema-graph\">{\"@context\":\"https:\/\/schema.org\",\"@graph\":[{\"@type\":\"WebPage\",\"@id\":\"https:\/\/www.jphres.us.com\/index.php\/jphres\/issue\/view\/1\/\",\"url\":\"https:\/\/www.jphres.us.com\/index.php\/jphres\/issue\/view\/1\/\",\"name\":\"Vol 1, No 1 (2012) - Journal of Public Health Research\",\"isPartOf\":{\"@id\":\"https:\/\/www.jphres.us.com\/#website\"},\"datePublished\":\"2023-03-27T06:33:47+00:00\",\"dateModified\":\"2023-04-06T08:35:01+00:00\",\"breadcrumb\":{\"@id\":\"https:\/\/www.jphres.us.com\/index.php\/jphres\/issue\/view\/1\/#breadcrumb\"},\"inLanguage\":\"en-US\",\"potentialAction\":[{\"@type\":\"ReadAction\",\"target\":[\"https:\/\/www.jphres.us.com\/index.php\/jphres\/issue\/view\/1\/\"]}]},{\"@type\":\"BreadcrumbList\",\"@id\":\"https:\/\/www.jphres.us.com\/index.php\/jphres\/issue\/view\/1\/#breadcrumb\",\"itemListElement\":[{\"@type\":\"ListItem\",\"position\":1,\"name\":\"Startseite\",\"item\":\"https:\/\/www.jphres.us.com\/\"},{\"@type\":\"ListItem\",\"position\":2,\"name\":\"Vol 1, No 1 (2012)\"}]},{\"@type\":\"WebSite\",\"@id\":\"https:\/\/www.jphres.us.com\/#website\",\"url\":\"https:\/\/www.jphres.us.com\/\",\"name\":\"Journal of Public Health Research\",\"description\":\"The Journal of Public Health Research is an online Open Access, peer-reviewed journal in the field of public health science. The scope of the journal is to stimulate debate and spreading of knowledge in this area in order to improve public health.\",\"publisher\":{\"@id\":\"https:\/\/www.jphres.us.com\/#organization\"},\"potentialAction\":[{\"@type\":\"SearchAction\",\"target\":{\"@type\":\"EntryPoint\",\"urlTemplate\":\"https:\/\/www.jphres.us.com\/?s={search_term_string}\"},\"query-input\":{\"@type\":\"PropertyValueSpecification\",\"valueRequired\":true,\"valueName\":\"search_term_string\"}}],\"inLanguage\":\"en-US\"},{\"@type\":\"Organization\",\"@id\":\"https:\/\/www.jphres.us.com\/#organization\",\"name\":\"Journal of Public Health Research\",\"url\":\"https:\/\/www.jphres.us.com\/\",\"logo\":{\"@type\":\"ImageObject\",\"inLanguage\":\"en-US\",\"@id\":\"https:\/\/www.jphres.us.com\/#\/schema\/logo\/image\/\",\"url\":\"https:\/\/www.jphres.us.com\/wp-content\/uploads\/2022\/10\/Favicon-JPHRES.png\",\"contentUrl\":\"https:\/\/www.jphres.us.com\/wp-content\/uploads\/2022\/10\/Favicon-JPHRES.png\",\"width\":150,\"height\":114,\"caption\":\"Journal of Public Health Research\"},\"image\":{\"@id\":\"https:\/\/www.jphres.us.com\/#\/schema\/logo\/image\/\"},\"sameAs\":[\"https:\/\/www.citefactor.org\/journal\/index\/5410\/journal-of-public-health-research#.ZD-hS-xBx3k\",\"https:\/\/www.scimagojr.com\/journalsearch.php?q=21100790524&amp;amp;tip=sid&amp;amp;clean=0\"]}]}<\/script>\n<!-- \/ Yoast SEO plugin. -->","yoast_head_json":{"title":"Vol 1, No 1 (2012) - Journal of Public Health Research","robots":{"index":"index","follow":"follow","max-snippet":"max-snippet:-1","max-image-preview":"max-image-preview:large","max-video-preview":"max-video-preview:-1"},"canonical":"https:\/\/www.jphres.us.com\/index.php\/jphres\/issue\/view\/1\/","og_locale":"en_US","og_type":"article","og_title":"Vol 1, No 1 (2012) - Journal of Public Health Research","og_description":"Table of Contents Editorials Why a new journal in Public Health? Umberto Gelatti DOI:\u00a010.4081\/jphr.2012.e1 Abstract views:\u00a0800 |\u00a0PDF:\u00a0145 |\u00a0HTML:\u00a0120 PDF HTML e1 Perspectives and Debates Public health and economics: a marriage of necessity Alan Maynard DOI:\u00a010.4081\/jphr.2012.e4 Abstract views:\u00a0857 |\u00a0PDF:\u00a0784 |\u00a0HTML:\u00a0404 PDF HTML e4 Historical public health in central Europe with special reference to Hungary. Long-term environmental ... Read more","og_url":"https:\/\/www.jphres.us.com\/index.php\/jphres\/issue\/view\/1\/","og_site_name":"Journal of Public Health Research","article_modified_time":"2023-04-06T08:35:01+00:00","twitter_card":"summary_large_image","twitter_misc":{"Est. reading time":"3 minutes"},"schema":{"@context":"https:\/\/schema.org","@graph":[{"@type":"WebPage","@id":"https:\/\/www.jphres.us.com\/index.php\/jphres\/issue\/view\/1\/","url":"https:\/\/www.jphres.us.com\/index.php\/jphres\/issue\/view\/1\/","name":"Vol 1, No 1 (2012) - Journal of Public Health Research","isPartOf":{"@id":"https:\/\/www.jphres.us.com\/#website"},"datePublished":"2023-03-27T06:33:47+00:00","dateModified":"2023-04-06T08:35:01+00:00","breadcrumb":{"@id":"https:\/\/www.jphres.us.com\/index.php\/jphres\/issue\/view\/1\/#breadcrumb"},"inLanguage":"en-US","potentialAction":[{"@type":"ReadAction","target":["https:\/\/www.jphres.us.com\/index.php\/jphres\/issue\/view\/1\/"]}]},{"@type":"BreadcrumbList","@id":"https:\/\/www.jphres.us.com\/index.php\/jphres\/issue\/view\/1\/#breadcrumb","itemListElement":[{"@type":"ListItem","position":1,"name":"Startseite","item":"https:\/\/www.jphres.us.com\/"},{"@type":"ListItem","position":2,"name":"Vol 1, No 1 (2012)"}]},{"@type":"WebSite","@id":"https:\/\/www.jphres.us.com\/#website","url":"https:\/\/www.jphres.us.com\/","name":"Journal of Public Health Research","description":"The Journal of Public Health Research is an online Open Access, peer-reviewed journal in the field of public health science. The scope of the journal is to stimulate debate and spreading of knowledge in this area in order to improve public health.","publisher":{"@id":"https:\/\/www.jphres.us.com\/#organization"},"potentialAction":[{"@type":"SearchAction","target":{"@type":"EntryPoint","urlTemplate":"https:\/\/www.jphres.us.com\/?s={search_term_string}"},"query-input":{"@type":"PropertyValueSpecification","valueRequired":true,"valueName":"search_term_string"}}],"inLanguage":"en-US"},{"@type":"Organization","@id":"https:\/\/www.jphres.us.com\/#organization","name":"Journal of Public Health Research","url":"https:\/\/www.jphres.us.com\/","logo":{"@type":"ImageObject","inLanguage":"en-US","@id":"https:\/\/www.jphres.us.com\/#\/schema\/logo\/image\/","url":"https:\/\/www.jphres.us.com\/wp-content\/uploads\/2022\/10\/Favicon-JPHRES.png","contentUrl":"https:\/\/www.jphres.us.com\/wp-content\/uploads\/2022\/10\/Favicon-JPHRES.png","width":150,"height":114,"caption":"Journal of Public Health Research"},"image":{"@id":"https:\/\/www.jphres.us.com\/#\/schema\/logo\/image\/"},"sameAs":["https:\/\/www.citefactor.org\/journal\/index\/5410\/journal-of-public-health-research#.ZD-hS-xBx3k","https:\/\/www.scimagojr.com\/journalsearch.php?q=21100790524&amp;amp;tip=sid&amp;amp;clean=0"]}]}},"_links":{"self":[{"href":"https:\/\/www.jphres.us.com\/index.php\/wp-json\/wp\/v2\/pages\/5649","targetHints":{"allow":["GET"]}}],"collection":[{"href":"https:\/\/www.jphres.us.com\/index.php\/wp-json\/wp\/v2\/pages"}],"about":[{"href":"https:\/\/www.jphres.us.com\/index.php\/wp-json\/wp\/v2\/types\/page"}],"author":[{"embeddable":true,"href":"https:\/\/www.jphres.us.com\/index.php\/wp-json\/wp\/v2\/users\/3"}],"replies":[{"embeddable":true,"href":"https:\/\/www.jphres.us.com\/index.php\/wp-json\/wp\/v2\/comments?post=5649"}],"version-history":[{"count":0,"href":"https:\/\/www.jphres.us.com\/index.php\/wp-json\/wp\/v2\/pages\/5649\/revisions"}],"wp:attachment":[{"href":"https:\/\/www.jphres.us.com\/index.php\/wp-json\/wp\/v2\/media?parent=5649"}],"curies":[{"name":"wp","href":"https:\/\/api.w.org\/{rel}","templated":true}]}}