{"id":4381,"date":"2023-03-28T02:21:12","date_gmt":"2023-03-28T00:21:12","guid":{"rendered":"https:\/\/www.jphres.org\/?p=4381"},"modified":"2023-04-02T14:11:06","modified_gmt":"2023-04-02T12:11:06","slug":"early-detection-to-prevent-foot-ulceration-among-type-2-diabetes-mellitus-patient-a-multi-intervention-review","status":"publish","type":"page","link":"https:\/\/www.jphres.us.com\/index.php\/jphres\/article\/view\/2752\/","title":{"rendered":"Early detection to prevent foot ulceration among type 2 diabetes mellitus patient: A multi-intervention review"},"content":{"rendered":"<div class=\"item doi\"><span class=\"value\"><a href=\"https:\/\/doi.org\/10.4081\/jphr.2022.2752\">https:\/\/doi.org\/10.4081\/jphr.2022.2752<\/a><\/span><\/div>\n<p><span class=\"name\"><br \/>\n<strong>Dewa Ayu Rismayanti<\/strong><br \/>\n<\/span><span class=\"affiliation\">Faculty of Nursing, Universitas Airlangga, Surabaya, East Java, Indonesia.<\/span><span class=\"orcid\"><br \/>\n<a href=\"https:\/\/orcid.org\/0000-0001-7133-5770\" target=\"_blank\" rel=\"noopener\">https:\/\/orcid.org\/0000-0001-7133-5770<\/a><\/span><\/p>\n<p><span class=\"name\"><strong>Nursalam Nursalam<\/strong><br \/>\n<\/span><span class=\"affiliation\">Faculty of Nursing, Universitas Airlangga, Surabaya, East Java, Indonesia.<\/span><\/p>\n<p><span class=\"name\"><strong>Virgianti Nur Farida<\/strong><br \/>\n<\/span><span class=\"affiliation\">Faculty of Nursing, Universitas Airlangga, Surabaya, East Java, Indonesia.<\/span><span class=\"orcid\"><br \/>\n<a href=\"https:\/\/orcid.org\/0000-0001-7133-5770\" target=\"_blank\" rel=\"noopener\">https:\/\/orcid.org\/0000-0001-7133-5770<\/a><\/span><\/p>\n<p><span class=\"name\"><strong>Ni Wayan Suniya Dewi<\/strong><br \/>\n<\/span><span class=\"affiliation\">Faculty of Nursing, Universitas Airlangga, Surabaya, East Java, Indonesia.<\/span><\/p>\n<p><span class=\"name\"><strong>Resti Utami<\/strong><br \/>\n<\/span><span class=\"affiliation\">Faculty of Nursing, Universitas Airlangga, Surabaya, East Java, Indonesia.<\/span><\/p>\n<p><span class=\"name\"><strong>Arifal Aris<\/strong><br \/>\n<\/span><span class=\"affiliation\">Faculty of Nursing, Universitas Airlangga, Surabaya, East Java, Indonesia.<\/span><\/p>\n<p><span class=\"name\"><strong>Ni Luh Putu Inca Buntari Agustini<\/strong><br \/>\n<\/span><span class=\"affiliation\">Faculty of Nursing, Universitas Airlangga, Surabaya, East Java, Indonesia.<\/span><\/p>\n<div class=\"item abstract\">\n<h3 class=\"label\">ABSTRACT<\/h3>\n<p>Foot ulceration is one of the biggest complications experienced by type 2 diabetes patients. The severity and prevention of new wounds can be overcome through early detection interventions. This systematic review aims to explain and provide a comparison of various interventions that have been developed to prevent the occurrence of Diabetes Foot Ulcers (DFU). We searched Scopus, Science Direct, PubMed, CINAHL, SAGE, and ProQuest for English, experimental studies, published between 2016-2021 that tested early detection for preventing diabetic foot ulcers in diabetic patients.<\/p>\n<p>The Joanna Briggs Institute guidelines were used to assess eligibility, and PRISMA quality and a checklist to guide this review. 25 studies were obtained that matched the specified inclusion criteria. The entire article has an experimental study design. Majority of respondents were type 2 diabetes patients who have not experienced ulceration. Based on the results of the review, there were 3 main types of interventions used in the early detection of DFU.<\/p>\n<p>The types of intervention used are 1) conventional intervention\/physical assessment, 2) 3D thermal camera assessment system, and 3) DFU screening instrument. The three types of interventions have advantages and disadvantages, so their use needs to be adjusted to the conditions and needs of the patient. the development of DFU risk early detection intervention needs to be developed. Integration with modern technology can also be done to increase the accuracy of the results and the ease of examination procedures.<\/p>\n<\/div>\n<div class=\"item downloads_chart\">\n<p>&nbsp;<\/p>\n<h3 class=\"label\">REFERENCES<\/h3>\n<div class=\"value\">\n<p>Shabibi P, Abedzadeh Zavareh MS, Sayehmiri K, et al. Effect of educational intervention based on the Health Belief Model on promoting self-care behaviors of type-2 diabetes patients. Electron Physician 2017;9:5960\u20138. DOI:\u00a0<a href=\"https:\/\/doi.org\/10.19082\/5960\">https:\/\/doi.org\/10.19082\/5960<\/a><\/p>\n<p>Schaper NC, van Netten JJ, Apelqvist J, et al. Practical guidelines on the prevention and management of diabetic foot disease (IWGDF 2019 update). Diabetes Metab Res Rev 2020;36:1-10. DOI:\u00a0<a href=\"https:\/\/doi.org\/10.1002\/dmrr.3266\">https:\/\/doi.org\/10.1002\/dmrr.3266<\/a><\/p>\n<p>Banik PC, Barua L, Moniruzzaman M, et al. Risk of diabetic foot ulcer and its associated factors among Bangladeshi subjects: A multicentric cross-sectional study. BMJ Open 2020;10:e034058. DOI:\u00a0<a href=\"https:\/\/doi.org\/10.1136\/bmjopen-2019-034058\">https:\/\/doi.org\/10.1136\/bmjopen-2019-034058<\/a><\/p>\n<p>Tolossa T, Mengist B, Mulisa D, et al. Prevalence and associated factors of foot ulcer among diabetic patients in Ethiopia: a systematic review and meta-analysis. BMC Public Health 2020;20:41. DOI:\u00a0<a href=\"https:\/\/doi.org\/10.1186\/s12889-019-8133-y\">https:\/\/doi.org\/10.1186\/s12889-019-8133-y<\/a><\/p>\n<p>Carbajal-Ram\u00edrez A, Hern\u00e1ndez-Dom\u00ednguez JA, Molina-Ayala MA, et al. Early identification of peripheral neuropathy based on sudomotor dysfunction in Mexican patients with type 2 diabetes. BMC Neurol 2019;19:1\u20136. DOI:\u00a0<a href=\"https:\/\/doi.org\/10.1186\/s12883-019-1332-4\">https:\/\/doi.org\/10.1186\/s12883-019-1332-4<\/a><\/p>\n<p>Hsieh YL, Lee FH, Chen CL, et al. Factors influencing intention to receive examination of diabetes complications. Asian Nurs Res 2016;10: 289\u201394. DOI:\u00a0<a href=\"https:\/\/doi.org\/10.1016\/j.anr.2016.10.004\">https:\/\/doi.org\/10.1016\/j.anr.2016.10.004<\/a><\/p>\n<p>Ghobadi A, Sarbarzeh PA, Jalilian M, et al. Evaluation of factors affecting the severity of diabetic foot ulcer in patients with diabetes referred to a diabetes centre in Kermanshah. Diabetes Metab Syndr Obes Targets Ther 2020;13:693\u2013703. DOI:\u00a0<a href=\"https:\/\/doi.org\/10.2147\/DMSO.S242431\">https:\/\/doi.org\/10.2147\/DMSO.S242431<\/a><\/p>\n<p>Damanhuri NS, Othman NA, Zaidi WFAW, Abdullah S. A development of plantar pressure sensor for foot ulcer detection in diabetic neuropathy individuals\u2013A pilot study. J Phys Conf Ser 2020;1535:12019. DOI:\u00a0<a href=\"https:\/\/doi.org\/10.1088\/1742-6596\/1535\/1\/012019\">https:\/\/doi.org\/10.1088\/1742-6596\/1535\/1\/012019<\/a><\/p>\n<p>Chantelau E-A. A novel diagnostic test for end-stage sensory failure associated with diabetic foot ulceration: Proof-of-principle study. J Diabetes Sci Technol 2021;15:622-9. DOI:\u00a0<a href=\"https:\/\/doi.org\/10.1177\/1932296819900256\">https:\/\/doi.org\/10.1177\/1932296819900256<\/a><\/p>\n<p>Azzopardi K, Gatt A, Chockalingam N, Formosa C. Hidden dangers revealed by misdiagnosed diabetic neuropathy: a comparison of simple clinical tests for the screening of vibration perception threshold at primary care level. Prim Care Diabetes 2018;12:111\u20135. DOI:\u00a0<a href=\"https:\/\/doi.org\/10.1016\/j.pcd.2017.09.004\">https:\/\/doi.org\/10.1016\/j.pcd.2017.09.004<\/a><\/p>\n<p>Zwaferink JBJ, Hijmans JM, Schrijver CM, et al. Mechanical noise improves the vibration perception threshold of the foot in people with diabetic neuropathy. J Diabetes Sci Technol 2018;14:16\u201321. DOI:\u00a0<a href=\"https:\/\/doi.org\/10.1177\/1932296818804552\">https:\/\/doi.org\/10.1177\/1932296818804552<\/a><\/p>\n<p>van Doremalen RFM, van Netten JJ, van Baal JG, et al. Infrared 3D thermography for inflammation detection in diabetic foot disease: A proof of concept. J Diabetes Sci Technol 2019;14:46\u201354. DOI:\u00a0<a href=\"https:\/\/doi.org\/10.1177\/1932296819854062\">https:\/\/doi.org\/10.1177\/1932296819854062<\/a><\/p>\n<p>Fraiwan L, AlKhodari M, Ninan J, et al. Diabetic foot ulcer mobile detection system using smart phone thermal camera: a feasibility study. Biomed Eng Online 2017;16:1-19. DOI:\u00a0<a href=\"https:\/\/doi.org\/10.1186\/s12938-017-0408-x\">https:\/\/doi.org\/10.1186\/s12938-017-0408-x<\/a><\/p>\n<p>Fraiwan L, Ninan J, Al-Khodari M. Mobile application for ulcer detection. Open Biomed Eng J 2018;12:16. DOI:\u00a0<a href=\"https:\/\/doi.org\/10.2174\/1874120701812010016\">https:\/\/doi.org\/10.2174\/1874120701812010016<\/a><\/p>\n<p>Wang L, Pedersen PC, Strong DM, et al. An automatic assessment system of diabetic foot ulcers based on wound area determination, color segmentation, and healing score evaluation. J Diabetes Sci Technol 2016;10:421-8. DOI:\u00a0<a href=\"https:\/\/doi.org\/10.1177\/1932296815599004\">https:\/\/doi.org\/10.1177\/1932296815599004<\/a><\/p>\n<p>Cassidy B, Reeves ND, Pappachan JM, et al. The DFUC 2020 dataset: Analysis towards diabetic foot ulcer detection. touchREV Endocrinol 2021;17:5-11.<\/p>\n<p>Goyal M, Reeves ND, Davison AK, et al. Dfunet: Convolutional neural networks for diabetic foot ulcer classification. IEEE Trans Emerg Top Comput Intell 2018;4:728-39. DOI:\u00a0<a href=\"https:\/\/doi.org\/10.1109\/TETCI.2018.2866254\">https:\/\/doi.org\/10.1109\/TETCI.2018.2866254<\/a><\/p>\n<p>Zhou Q, Peng M, Zhou L, et al. Development and validation of a brief diabetic foot ulceration risk checklist among diabetic patients: A multicenter longitudinal study in China. Sci Rep 2018;8:1\u20139. DOI:\u00a0<a href=\"https:\/\/doi.org\/10.1038\/s41598-018-19268-3\">https:\/\/doi.org\/10.1038\/s41598-018-19268-3<\/a><\/p>\n<p>Baker N, Al-Muzaini A. A user\u2019s guide to skin and nail conditions in diabetes. Diabet Foot 2018;4:31-9.<\/p>\n<p>Akturan S, Kaya \u00c7A, \u00dcnalan PC, Akman M. The effect of the BATHE interview technique on the empowerment of diabetic patients in primary care: a cluster randomised controlled study. Prim Care Diabetes 2017;11:154\u201361. DOI:\u00a0<a href=\"https:\/\/doi.org\/10.1016\/j.pcd.2016.12.003\">https:\/\/doi.org\/10.1016\/j.pcd.2016.12.003<\/a><\/p>\n<p>Babu KS, Sabut S, Nithya DK. Efficient detection and classification of diabetic foot ulcer tissue using PSO technique. Int J Eng Technol 2018;7:1006-10. DOI:\u00a0<a href=\"https:\/\/doi.org\/10.14419\/ijet.v7i3.12.17622\">https:\/\/doi.org\/10.14419\/ijet.v7i3.12.17622<\/a><\/p>\n<p>Mart\u00ednez-Alberto CE, Brito-Brito PR, Fern\u00e1ndez-Guti\u00e9rrez DA, et al. Evaluation of the risk of diabetic peripheral neuropathy: Design and validation of the NeuDiaCan nursing screening procedure. Enfer Clin (English Ed) 2020;30:89-98. DOI:\u00a0<a href=\"https:\/\/doi.org\/10.1016\/j.enfcle.2019.07.006\">https:\/\/doi.org\/10.1016\/j.enfcle.2019.07.006<\/a><\/p>\n<p>Binns\u2010Hall O, Selvarajah D, Sanger D, et al. One\u2010stop microvascular screening service: an effective model for the early detection of diabetic peripheral neuropathy and the high\u2010risk foot. Diabet Med 2018;35:887\u201394. DOI:\u00a0<a href=\"https:\/\/doi.org\/10.1111\/dme.13630\">https:\/\/doi.org\/10.1111\/dme.13630<\/a><\/p>\n<p>Peterson M, Pingel R, Rolandsson O, Dahlin LB. Vibrotactile perception on the sole of the foot in an older group of people with normal glucose tolerance and type 2 diabetes. SAGE Open Med 2020;8:2050312120931640. DOI:\u00a0<a href=\"https:\/\/doi.org\/10.1177\/2050312120931640\">https:\/\/doi.org\/10.1177\/2050312120931640<\/a><\/p>\n<p>Santos TRM, Melo JV, Leite NC, Salles GF, Cardoso CRL. Usefulness of the vibration perception thresholds measurement as a diagnostic method for diabetic peripheral neuropathy: Results from the Rio de Janeiro type 2 diabetes cohort study. J Diabetes Complicat 2018;32:770\u20136. DOI:\u00a0<a href=\"https:\/\/doi.org\/10.1016\/j.jdiacomp.2018.05.010\">https:\/\/doi.org\/10.1016\/j.jdiacomp.2018.05.010<\/a><\/p>\n<p>Goyal M, Reeves ND, Rajbhandari S, Yap MH. Robust methods for real-time diabetic foot ulcer detection and localization on mobile devices. IEEE J Biomed Health Inform 2018;23:1730\u201341. DOI:\u00a0<a href=\"https:\/\/doi.org\/10.1109\/JBHI.2018.2868656\">https:\/\/doi.org\/10.1109\/JBHI.2018.2868656<\/a><\/p>\n<\/div>\n<\/div>\n","protected":false},"excerpt":{"rendered":"<p>https:\/\/doi.org\/10.4081\/jphr.2022.2752 Dewa Ayu Rismayanti Faculty of Nursing, Universitas Airlangga, Surabaya, East Java, Indonesia. https:\/\/orcid.org\/0000-0001-7133-5770 Nursalam Nursalam Faculty of Nursing, Universitas Airlangga, Surabaya, East Java, Indonesia. Virgianti Nur Farida Faculty of Nursing, Universitas Airlangga, Surabaya, East Java, Indonesia. https:\/\/orcid.org\/0000-0001-7133-5770 Ni Wayan Suniya Dewi Faculty of Nursing, Universitas Airlangga, Surabaya, East Java, Indonesia. Resti Utami Faculty of &#8230; <a title=\"Early detection to prevent foot ulceration among type 2 diabetes mellitus patient: A multi-intervention review\" class=\"read-more\" href=\"https:\/\/www.jphres.us.com\/index.php\/jphres\/article\/view\/2752\/\" aria-label=\"More on Early detection to prevent foot ulceration among type 2 diabetes mellitus patient: A multi-intervention review\">Read more<\/a><\/p>\n","protected":false},"author":3,"featured_media":0,"parent":0,"menu_order":0,"comment_status":"open","ping_status":"open","template":"","meta":{"footnotes":""},"class_list":["post-4381","page","type-page","status-publish"],"yoast_head":"<!-- This site is optimized with the Yoast SEO plugin v27.2 - https:\/\/yoast.com\/product\/yoast-seo-wordpress\/ -->\n<title>Early detection to prevent foot ulceration among type 2 diabetes mellitus patient: A multi-intervention review - Journal of Public Health Research<\/title>\n<meta name=\"robots\" content=\"index, follow, max-snippet:-1, max-image-preview:large, max-video-preview:-1\" \/>\n<link rel=\"canonical\" href=\"https:\/\/www.jphres.us.com\/index.php\/jphres\/article\/view\/2752\/\" \/>\n<meta property=\"og:locale\" content=\"en_US\" \/>\n<meta property=\"og:type\" content=\"article\" \/>\n<meta property=\"og:title\" content=\"Early detection to prevent foot ulceration among type 2 diabetes mellitus patient: A multi-intervention review - Journal of Public Health Research\" \/>\n<meta property=\"og:description\" content=\"https:\/\/doi.org\/10.4081\/jphr.2022.2752 Dewa Ayu Rismayanti Faculty of Nursing, Universitas Airlangga, Surabaya, East Java, Indonesia. https:\/\/orcid.org\/0000-0001-7133-5770 Nursalam Nursalam Faculty of Nursing, Universitas Airlangga, Surabaya, East Java, Indonesia. Virgianti Nur Farida Faculty of Nursing, Universitas Airlangga, Surabaya, East Java, Indonesia. https:\/\/orcid.org\/0000-0001-7133-5770 Ni Wayan Suniya Dewi Faculty of Nursing, Universitas Airlangga, Surabaya, East Java, Indonesia. Resti Utami Faculty of ... Read more\" \/>\n<meta property=\"og:url\" content=\"https:\/\/www.jphres.us.com\/index.php\/jphres\/article\/view\/2752\/\" \/>\n<meta property=\"og:site_name\" content=\"Journal of Public Health Research\" \/>\n<meta property=\"article:modified_time\" content=\"2023-04-02T12:11:06+00:00\" \/>\n<meta name=\"twitter:card\" content=\"summary_large_image\" \/>\n<meta name=\"twitter:label1\" content=\"Est. reading time\" \/>\n\t<meta name=\"twitter:data1\" content=\"7 minutes\" \/>\n<script type=\"application\/ld+json\" class=\"yoast-schema-graph\">{\"@context\":\"https:\/\/schema.org\",\"@graph\":[{\"@type\":\"WebPage\",\"@id\":\"https:\/\/www.jphres.us.com\/index.php\/jphres\/article\/view\/2752\/\",\"url\":\"https:\/\/www.jphres.us.com\/index.php\/jphres\/article\/view\/2752\/\",\"name\":\"Early detection to prevent foot ulceration among type 2 diabetes mellitus patient: A multi-intervention review - Journal of Public Health Research\",\"isPartOf\":{\"@id\":\"https:\/\/www.jphres.us.com\/#website\"},\"datePublished\":\"2023-03-28T00:21:12+00:00\",\"dateModified\":\"2023-04-02T12:11:06+00:00\",\"breadcrumb\":{\"@id\":\"https:\/\/www.jphres.us.com\/index.php\/jphres\/article\/view\/2752\/#breadcrumb\"},\"inLanguage\":\"en-US\",\"potentialAction\":[{\"@type\":\"ReadAction\",\"target\":[\"https:\/\/www.jphres.us.com\/index.php\/jphres\/article\/view\/2752\/\"]}]},{\"@type\":\"BreadcrumbList\",\"@id\":\"https:\/\/www.jphres.us.com\/index.php\/jphres\/article\/view\/2752\/#breadcrumb\",\"itemListElement\":[{\"@type\":\"ListItem\",\"position\":1,\"name\":\"Startseite\",\"item\":\"https:\/\/www.jphres.us.com\/\"},{\"@type\":\"ListItem\",\"position\":2,\"name\":\"Early detection to prevent foot ulceration among type 2 diabetes mellitus patient: A multi-intervention review\"}]},{\"@type\":\"WebSite\",\"@id\":\"https:\/\/www.jphres.us.com\/#website\",\"url\":\"https:\/\/www.jphres.us.com\/\",\"name\":\"Journal of Public Health Research\",\"description\":\"The Journal of Public Health Research is an online Open Access, peer-reviewed journal in the field of public health science. The scope of the journal is to stimulate debate and spreading of knowledge in this area in order to improve public health.\",\"publisher\":{\"@id\":\"https:\/\/www.jphres.us.com\/#organization\"},\"potentialAction\":[{\"@type\":\"SearchAction\",\"target\":{\"@type\":\"EntryPoint\",\"urlTemplate\":\"https:\/\/www.jphres.us.com\/?s={search_term_string}\"},\"query-input\":{\"@type\":\"PropertyValueSpecification\",\"valueRequired\":true,\"valueName\":\"search_term_string\"}}],\"inLanguage\":\"en-US\"},{\"@type\":\"Organization\",\"@id\":\"https:\/\/www.jphres.us.com\/#organization\",\"name\":\"Journal of Public Health Research\",\"url\":\"https:\/\/www.jphres.us.com\/\",\"logo\":{\"@type\":\"ImageObject\",\"inLanguage\":\"en-US\",\"@id\":\"https:\/\/www.jphres.us.com\/#\/schema\/logo\/image\/\",\"url\":\"https:\/\/www.jphres.us.com\/wp-content\/uploads\/2022\/10\/Favicon-JPHRES.png\",\"contentUrl\":\"https:\/\/www.jphres.us.com\/wp-content\/uploads\/2022\/10\/Favicon-JPHRES.png\",\"width\":150,\"height\":114,\"caption\":\"Journal of Public Health Research\"},\"image\":{\"@id\":\"https:\/\/www.jphres.us.com\/#\/schema\/logo\/image\/\"},\"sameAs\":[\"https:\/\/www.citefactor.org\/journal\/index\/5410\/journal-of-public-health-research#.ZD-hS-xBx3k\",\"https:\/\/www.scimagojr.com\/journalsearch.php?q=21100790524&amp;amp;tip=sid&amp;amp;clean=0\"]}]}<\/script>\n<!-- \/ Yoast SEO plugin. -->","yoast_head_json":{"title":"Early detection to prevent foot ulceration among type 2 diabetes mellitus patient: A multi-intervention review - Journal of Public Health Research","robots":{"index":"index","follow":"follow","max-snippet":"max-snippet:-1","max-image-preview":"max-image-preview:large","max-video-preview":"max-video-preview:-1"},"canonical":"https:\/\/www.jphres.us.com\/index.php\/jphres\/article\/view\/2752\/","og_locale":"en_US","og_type":"article","og_title":"Early detection to prevent foot ulceration among type 2 diabetes mellitus patient: A multi-intervention review - Journal of Public Health Research","og_description":"https:\/\/doi.org\/10.4081\/jphr.2022.2752 Dewa Ayu Rismayanti Faculty of Nursing, Universitas Airlangga, Surabaya, East Java, Indonesia. https:\/\/orcid.org\/0000-0001-7133-5770 Nursalam Nursalam Faculty of Nursing, Universitas Airlangga, Surabaya, East Java, Indonesia. Virgianti Nur Farida Faculty of Nursing, Universitas Airlangga, Surabaya, East Java, Indonesia. https:\/\/orcid.org\/0000-0001-7133-5770 Ni Wayan Suniya Dewi Faculty of Nursing, Universitas Airlangga, Surabaya, East Java, Indonesia. Resti Utami Faculty of ... Read more","og_url":"https:\/\/www.jphres.us.com\/index.php\/jphres\/article\/view\/2752\/","og_site_name":"Journal of Public Health Research","article_modified_time":"2023-04-02T12:11:06+00:00","twitter_card":"summary_large_image","twitter_misc":{"Est. reading time":"7 minutes"},"schema":{"@context":"https:\/\/schema.org","@graph":[{"@type":"WebPage","@id":"https:\/\/www.jphres.us.com\/index.php\/jphres\/article\/view\/2752\/","url":"https:\/\/www.jphres.us.com\/index.php\/jphres\/article\/view\/2752\/","name":"Early detection to prevent foot ulceration among type 2 diabetes mellitus patient: A multi-intervention review - Journal of Public Health Research","isPartOf":{"@id":"https:\/\/www.jphres.us.com\/#website"},"datePublished":"2023-03-28T00:21:12+00:00","dateModified":"2023-04-02T12:11:06+00:00","breadcrumb":{"@id":"https:\/\/www.jphres.us.com\/index.php\/jphres\/article\/view\/2752\/#breadcrumb"},"inLanguage":"en-US","potentialAction":[{"@type":"ReadAction","target":["https:\/\/www.jphres.us.com\/index.php\/jphres\/article\/view\/2752\/"]}]},{"@type":"BreadcrumbList","@id":"https:\/\/www.jphres.us.com\/index.php\/jphres\/article\/view\/2752\/#breadcrumb","itemListElement":[{"@type":"ListItem","position":1,"name":"Startseite","item":"https:\/\/www.jphres.us.com\/"},{"@type":"ListItem","position":2,"name":"Early detection to prevent foot ulceration among type 2 diabetes mellitus patient: A multi-intervention review"}]},{"@type":"WebSite","@id":"https:\/\/www.jphres.us.com\/#website","url":"https:\/\/www.jphres.us.com\/","name":"Journal of Public Health Research","description":"The Journal of Public Health Research is an online Open Access, peer-reviewed journal in the field of public health science. The scope of the journal is to stimulate debate and spreading of knowledge in this area in order to improve public health.","publisher":{"@id":"https:\/\/www.jphres.us.com\/#organization"},"potentialAction":[{"@type":"SearchAction","target":{"@type":"EntryPoint","urlTemplate":"https:\/\/www.jphres.us.com\/?s={search_term_string}"},"query-input":{"@type":"PropertyValueSpecification","valueRequired":true,"valueName":"search_term_string"}}],"inLanguage":"en-US"},{"@type":"Organization","@id":"https:\/\/www.jphres.us.com\/#organization","name":"Journal of Public Health Research","url":"https:\/\/www.jphres.us.com\/","logo":{"@type":"ImageObject","inLanguage":"en-US","@id":"https:\/\/www.jphres.us.com\/#\/schema\/logo\/image\/","url":"https:\/\/www.jphres.us.com\/wp-content\/uploads\/2022\/10\/Favicon-JPHRES.png","contentUrl":"https:\/\/www.jphres.us.com\/wp-content\/uploads\/2022\/10\/Favicon-JPHRES.png","width":150,"height":114,"caption":"Journal of Public Health Research"},"image":{"@id":"https:\/\/www.jphres.us.com\/#\/schema\/logo\/image\/"},"sameAs":["https:\/\/www.citefactor.org\/journal\/index\/5410\/journal-of-public-health-research#.ZD-hS-xBx3k","https:\/\/www.scimagojr.com\/journalsearch.php?q=21100790524&amp;amp;tip=sid&amp;amp;clean=0"]}]}},"_links":{"self":[{"href":"https:\/\/www.jphres.us.com\/index.php\/wp-json\/wp\/v2\/pages\/4381","targetHints":{"allow":["GET"]}}],"collection":[{"href":"https:\/\/www.jphres.us.com\/index.php\/wp-json\/wp\/v2\/pages"}],"about":[{"href":"https:\/\/www.jphres.us.com\/index.php\/wp-json\/wp\/v2\/types\/page"}],"author":[{"embeddable":true,"href":"https:\/\/www.jphres.us.com\/index.php\/wp-json\/wp\/v2\/users\/3"}],"replies":[{"embeddable":true,"href":"https:\/\/www.jphres.us.com\/index.php\/wp-json\/wp\/v2\/comments?post=4381"}],"version-history":[{"count":0,"href":"https:\/\/www.jphres.us.com\/index.php\/wp-json\/wp\/v2\/pages\/4381\/revisions"}],"wp:attachment":[{"href":"https:\/\/www.jphres.us.com\/index.php\/wp-json\/wp\/v2\/media?parent=4381"}],"curies":[{"name":"wp","href":"https:\/\/api.w.org\/{rel}","templated":true}]}}